{"id":213,"date":"2021-08-12T08:46:58","date_gmt":"2021-08-12T06:46:58","guid":{"rendered":"https:\/\/sosnowaprzystan.pl\/?page_id=213"},"modified":"2021-08-12T08:46:59","modified_gmt":"2021-08-12T06:46:59","slug":"mala-sosna","status":"publish","type":"page","link":"https:\/\/sosnowaprzystan.pl\/?page_id=213","title":{"rendered":"Ma\u0142a sosna"},"content":{"rendered":"<style type=\"text\/css\">\n#foogallery-gallery-212.fg-justified .fg-item { margin-right: 2px; margin-bottom: 2px; }\n#foogallery-gallery-212.fg-justified .fg-image { height: 200px; }<\/style>\n\t\t\t<div class=\"foogallery foogallery-container foogallery-justified foogallery-lightbox-foobox fg-justified fg-ready fg-light fg-shadow-outline fg-loading-default fg-loaded-fade-in fg-caption-always fg-hover-fade fg-hover-zoom2\" id=\"foogallery-gallery-212\" data-foogallery=\"{&quot;item&quot;:{&quot;showCaptionTitle&quot;:true,&quot;showCaptionDescription&quot;:false},&quot;lazy&quot;:true,&quot;template&quot;:{&quot;rowHeight&quot;:200,&quot;maxRowHeight&quot;:300,&quot;margins&quot;:2,&quot;align&quot;:&quot;center&quot;,&quot;lastRow&quot;:&quot;smart&quot;}}\" style=\"--fg-title-line-clamp: 0; --fg-description-line-clamp: 0;\" >\n\t<div class=\"fg-item fg-type-image fg-idle\"><figure class=\"fg-item-inner\"><a href=\"https:\/\/sosnowaprzystan.pl\/wp-content\/uploads\/2021\/08\/3A0A9902.png\" data-attachment-id=\"240\" data-type=\"image\" class=\"fg-thumb\"><span class=\"fg-image-wrap\"><img fetchpriority=\"high\" decoding=\"async\" height=\"300\" width=\"263\" class=\"skip-lazy fg-image\" data-src-fg=\"https:\/\/sosnowaprzystan.pl\/wp-content\/uploads\/cache\/2021\/08\/3A0A9902\/4034555582.png\" src=\"data:image\/svg+xml,%3Csvg%20xmlns%3D%22http%3A%2F%2Fwww.w3.org%2F2000%2Fsvg%22%20width%3D%22263%22%20height%3D%22300%22%20viewBox%3D%220%200%20263%20300%22%3E%3C%2Fsvg%3E\" loading=\"eager\"><\/span><span class=\"fg-image-overlay\"><\/span><\/a><\/figure><div class=\"fg-loader\"><\/div><\/div><div class=\"fg-item fg-type-image fg-idle\"><figure class=\"fg-item-inner\"><a href=\"https:\/\/sosnowaprzystan.pl\/wp-content\/uploads\/2021\/08\/3A0A9720-scaled.jpg\" data-attachment-id=\"267\" data-type=\"image\" class=\"fg-thumb\"><span class=\"fg-image-wrap\"><img decoding=\"async\" height=\"300\" width=\"200\" class=\"skip-lazy fg-image\" data-src-fg=\"https:\/\/sosnowaprzystan.pl\/wp-content\/uploads\/cache\/2021\/08\/3A0A9720-scaled\/4054601472.jpg\" src=\"data:image\/svg+xml,%3Csvg%20xmlns%3D%22http%3A%2F%2Fwww.w3.org%2F2000%2Fsvg%22%20width%3D%22200%22%20height%3D%22300%22%20viewBox%3D%220%200%20200%20300%22%3E%3C%2Fsvg%3E\" loading=\"eager\"><\/span><span class=\"fg-image-overlay\"><\/span><\/a><\/figure><div class=\"fg-loader\"><\/div><\/div><div class=\"fg-item fg-type-image fg-idle\"><figure class=\"fg-item-inner\"><a href=\"https:\/\/sosnowaprzystan.pl\/wp-content\/uploads\/2021\/08\/3A0A9936-scaled.jpg\" data-attachment-id=\"243\" data-type=\"image\" class=\"fg-thumb\"><span class=\"fg-image-wrap\"><img decoding=\"async\" height=\"300\" width=\"200\" class=\"skip-lazy fg-image\" data-src-fg=\"https:\/\/sosnowaprzystan.pl\/wp-content\/uploads\/cache\/2021\/08\/3A0A9936-scaled\/3159682148.jpg\" src=\"data:image\/svg+xml,%3Csvg%20xmlns%3D%22http%3A%2F%2Fwww.w3.org%2F2000%2Fsvg%22%20width%3D%22200%22%20height%3D%22300%22%20viewBox%3D%220%200%20200%20300%22%3E%3C%2Fsvg%3E\" loading=\"eager\"><\/span><span class=\"fg-image-overlay\"><\/span><\/a><\/figure><div class=\"fg-loader\"><\/div><\/div><div class=\"fg-item fg-type-image fg-idle\"><figure class=\"fg-item-inner\"><a href=\"https:\/\/sosnowaprzystan.pl\/wp-content\/uploads\/2023\/08\/3A0A9839-scaled.jpg\" data-attachment-id=\"236\" data-type=\"image\" class=\"fg-thumb\"><span class=\"fg-image-wrap\"><img decoding=\"async\" height=\"300\" width=\"450\" class=\"skip-lazy fg-image\" data-src-fg=\"https:\/\/sosnowaprzystan.pl\/wp-content\/uploads\/cache\/2023\/08\/3A0A9839-scaled\/1138922816.jpg\" src=\"data:image\/svg+xml,%3Csvg%20xmlns%3D%22http%3A%2F%2Fwww.w3.org%2F2000%2Fsvg%22%20width%3D%22450%22%20height%3D%22300%22%20viewBox%3D%220%200%20450%20300%22%3E%3C%2Fsvg%3E\" loading=\"eager\"><\/span><span class=\"fg-image-overlay\"><\/span><\/a><\/figure><div class=\"fg-loader\"><\/div><\/div><div class=\"fg-item fg-type-image fg-idle\"><figure class=\"fg-item-inner\"><a href=\"https:\/\/sosnowaprzystan.pl\/wp-content\/uploads\/2021\/08\/3A0A9877_1-scaled.jpg\" data-attachment-id=\"245\" data-type=\"image\" class=\"fg-thumb\"><span class=\"fg-image-wrap\"><img decoding=\"async\" height=\"300\" width=\"200\" class=\"skip-lazy fg-image\" data-src-fg=\"https:\/\/sosnowaprzystan.pl\/wp-content\/uploads\/cache\/2021\/08\/3A0A9877_1-scaled\/2737591093.jpg\" src=\"data:image\/svg+xml,%3Csvg%20xmlns%3D%22http%3A%2F%2Fwww.w3.org%2F2000%2Fsvg%22%20width%3D%22200%22%20height%3D%22300%22%20viewBox%3D%220%200%20200%20300%22%3E%3C%2Fsvg%3E\" loading=\"eager\"><\/span><span class=\"fg-image-overlay\"><\/span><\/a><\/figure><div class=\"fg-loader\"><\/div><\/div><div class=\"fg-item fg-type-image fg-idle\"><figure class=\"fg-item-inner\"><a href=\"https:\/\/sosnowaprzystan.pl\/wp-content\/uploads\/2023\/08\/3A0A9900-scaled.jpg\" data-attachment-id=\"237\" data-type=\"image\" class=\"fg-thumb\"><span class=\"fg-image-wrap\"><img decoding=\"async\" height=\"300\" width=\"450\" class=\"skip-lazy fg-image\" data-src-fg=\"https:\/\/sosnowaprzystan.pl\/wp-content\/uploads\/cache\/2023\/08\/3A0A9900-scaled\/1847226651.jpg\" src=\"data:image\/svg+xml,%3Csvg%20xmlns%3D%22http%3A%2F%2Fwww.w3.org%2F2000%2Fsvg%22%20width%3D%22450%22%20height%3D%22300%22%20viewBox%3D%220%200%20450%20300%22%3E%3C%2Fsvg%3E\" loading=\"eager\"><\/span><span class=\"fg-image-overlay\"><\/span><\/a><\/figure><div class=\"fg-loader\"><\/div><\/div><div class=\"fg-item fg-type-image fg-idle\"><figure class=\"fg-item-inner\"><a href=\"https:\/\/sosnowaprzystan.pl\/wp-content\/uploads\/2021\/08\/3A0A9677-scaled.jpg\" data-attachment-id=\"262\" data-type=\"image\" class=\"fg-thumb\"><span class=\"fg-image-wrap\"><img decoding=\"async\" height=\"300\" width=\"200\" class=\"skip-lazy fg-image\" data-src-fg=\"https:\/\/sosnowaprzystan.pl\/wp-content\/uploads\/cache\/2021\/08\/3A0A9677-scaled\/63366236.jpg\" src=\"data:image\/svg+xml,%3Csvg%20xmlns%3D%22http%3A%2F%2Fwww.w3.org%2F2000%2Fsvg%22%20width%3D%22200%22%20height%3D%22300%22%20viewBox%3D%220%200%20200%20300%22%3E%3C%2Fsvg%3E\" loading=\"eager\"><\/span><span class=\"fg-image-overlay\"><\/span><\/a><\/figure><div class=\"fg-loader\"><\/div><\/div><div class=\"fg-item fg-type-image fg-idle\"><figure class=\"fg-item-inner\"><a href=\"https:\/\/sosnowaprzystan.pl\/wp-content\/uploads\/2021\/08\/3A0A9889_1-scaled.jpg\" data-attachment-id=\"244\" data-type=\"image\" class=\"fg-thumb\"><span class=\"fg-image-wrap\"><img decoding=\"async\" height=\"300\" width=\"200\" class=\"skip-lazy fg-image\" data-src-fg=\"https:\/\/sosnowaprzystan.pl\/wp-content\/uploads\/cache\/2021\/08\/3A0A9889_1-scaled\/3062716714.jpg\" src=\"data:image\/svg+xml,%3Csvg%20xmlns%3D%22http%3A%2F%2Fwww.w3.org%2F2000%2Fsvg%22%20width%3D%22200%22%20height%3D%22300%22%20viewBox%3D%220%200%20200%20300%22%3E%3C%2Fsvg%3E\" loading=\"eager\"><\/span><span class=\"fg-image-overlay\"><\/span><\/a><\/figure><div class=\"fg-loader\"><\/div><\/div><div class=\"fg-item fg-type-image fg-idle\"><figure class=\"fg-item-inner\"><a href=\"https:\/\/sosnowaprzystan.pl\/wp-content\/uploads\/2021\/08\/3A0A9851_1-scaled.jpg\" data-attachment-id=\"248\" data-type=\"image\" class=\"fg-thumb\"><span class=\"fg-image-wrap\"><img decoding=\"async\" height=\"300\" width=\"200\" class=\"skip-lazy fg-image\" data-src-fg=\"https:\/\/sosnowaprzystan.pl\/wp-content\/uploads\/cache\/2021\/08\/3A0A9851_1-scaled\/1388915927.jpg\" src=\"data:image\/svg+xml,%3Csvg%20xmlns%3D%22http%3A%2F%2Fwww.w3.org%2F2000%2Fsvg%22%20width%3D%22200%22%20height%3D%22300%22%20viewBox%3D%220%200%20200%20300%22%3E%3C%2Fsvg%3E\" loading=\"eager\"><\/span><span class=\"fg-image-overlay\"><\/span><\/a><\/figure><div class=\"fg-loader\"><\/div><\/div><div class=\"fg-item fg-type-image fg-idle\"><figure class=\"fg-item-inner\"><a href=\"https:\/\/sosnowaprzystan.pl\/wp-content\/uploads\/2021\/08\/3A0A0037-scaled.jpg\" data-attachment-id=\"241\" data-type=\"image\" class=\"fg-thumb\"><span class=\"fg-image-wrap\"><img decoding=\"async\" height=\"300\" width=\"200\" class=\"skip-lazy fg-image\" data-src-fg=\"https:\/\/sosnowaprzystan.pl\/wp-content\/uploads\/cache\/2021\/08\/3A0A0037-scaled\/2896344311.jpg\" src=\"data:image\/svg+xml,%3Csvg%20xmlns%3D%22http%3A%2F%2Fwww.w3.org%2F2000%2Fsvg%22%20width%3D%22200%22%20height%3D%22300%22%20viewBox%3D%220%200%20200%20300%22%3E%3C%2Fsvg%3E\" loading=\"eager\"><\/span><span class=\"fg-image-overlay\"><\/span><\/a><\/figure><div class=\"fg-loader\"><\/div><\/div><div class=\"fg-item fg-type-image fg-idle\"><figure class=\"fg-item-inner\"><a href=\"https:\/\/sosnowaprzystan.pl\/wp-content\/uploads\/2021\/08\/3A0A9733-scaled.jpg\" data-attachment-id=\"256\" data-type=\"image\" class=\"fg-thumb\"><span class=\"fg-image-wrap\"><img decoding=\"async\" height=\"300\" width=\"200\" class=\"skip-lazy fg-image\" data-src-fg=\"https:\/\/sosnowaprzystan.pl\/wp-content\/uploads\/cache\/2021\/08\/3A0A9733-scaled\/3343158089.jpg\" src=\"data:image\/svg+xml,%3Csvg%20xmlns%3D%22http%3A%2F%2Fwww.w3.org%2F2000%2Fsvg%22%20width%3D%22200%22%20height%3D%22300%22%20viewBox%3D%220%200%20200%20300%22%3E%3C%2Fsvg%3E\" loading=\"eager\"><\/span><span class=\"fg-image-overlay\"><\/span><\/a><\/figure><div class=\"fg-loader\"><\/div><\/div><div class=\"fg-item fg-type-image fg-idle\"><figure class=\"fg-item-inner\"><a href=\"https:\/\/sosnowaprzystan.pl\/wp-content\/uploads\/2021\/08\/3A0A9789-scaled.jpg\" data-attachment-id=\"251\" data-type=\"image\" class=\"fg-thumb\"><span class=\"fg-image-wrap\"><img decoding=\"async\" height=\"300\" width=\"200\" class=\"skip-lazy fg-image\" data-src-fg=\"https:\/\/sosnowaprzystan.pl\/wp-content\/uploads\/cache\/2021\/08\/3A0A9789-scaled\/1589407930.jpg\" src=\"data:image\/svg+xml,%3Csvg%20xmlns%3D%22http%3A%2F%2Fwww.w3.org%2F2000%2Fsvg%22%20width%3D%22200%22%20height%3D%22300%22%20viewBox%3D%220%200%20200%20300%22%3E%3C%2Fsvg%3E\" loading=\"eager\"><\/span><span class=\"fg-image-overlay\"><\/span><\/a><\/figure><div class=\"fg-loader\"><\/div><\/div><div class=\"fg-item fg-type-image fg-idle\"><figure class=\"fg-item-inner\"><a href=\"https:\/\/sosnowaprzystan.pl\/wp-content\/uploads\/2021\/08\/3A0A9777-scaled.jpg\" data-attachment-id=\"252\" data-type=\"image\" class=\"fg-thumb\"><span class=\"fg-image-wrap\"><img decoding=\"async\" height=\"300\" width=\"200\" class=\"skip-lazy fg-image\" data-src-fg=\"https:\/\/sosnowaprzystan.pl\/wp-content\/uploads\/cache\/2021\/08\/3A0A9777-scaled\/4168719419.jpg\" src=\"data:image\/svg+xml,%3Csvg%20xmlns%3D%22http%3A%2F%2Fwww.w3.org%2F2000%2Fsvg%22%20width%3D%22200%22%20height%3D%22300%22%20viewBox%3D%220%200%20200%20300%22%3E%3C%2Fsvg%3E\" loading=\"eager\"><\/span><span class=\"fg-image-overlay\"><\/span><\/a><\/figure><div class=\"fg-loader\"><\/div><\/div><div class=\"fg-item fg-type-image fg-idle\"><figure class=\"fg-item-inner\"><a href=\"https:\/\/sosnowaprzystan.pl\/wp-content\/uploads\/2021\/08\/3A0A9680-scaled.jpg\" data-attachment-id=\"261\" data-type=\"image\" class=\"fg-thumb\"><span class=\"fg-image-wrap\"><img decoding=\"async\" height=\"300\" width=\"200\" class=\"skip-lazy fg-image\" data-src-fg=\"https:\/\/sosnowaprzystan.pl\/wp-content\/uploads\/cache\/2021\/08\/3A0A9680-scaled\/3547406258.jpg\" src=\"data:image\/svg+xml,%3Csvg%20xmlns%3D%22http%3A%2F%2Fwww.w3.org%2F2000%2Fsvg%22%20width%3D%22200%22%20height%3D%22300%22%20viewBox%3D%220%200%20200%20300%22%3E%3C%2Fsvg%3E\" loading=\"eager\"><\/span><span class=\"fg-image-overlay\"><\/span><\/a><\/figure><div class=\"fg-loader\"><\/div><\/div><div class=\"fg-item fg-type-image fg-idle\"><figure class=\"fg-item-inner\"><a href=\"https:\/\/sosnowaprzystan.pl\/wp-content\/uploads\/2021\/08\/3A0A9727-scaled.jpg\" data-attachment-id=\"257\" data-type=\"image\" class=\"fg-thumb\"><span class=\"fg-image-wrap\"><img decoding=\"async\" height=\"300\" width=\"200\" class=\"skip-lazy fg-image\" data-src-fg=\"https:\/\/sosnowaprzystan.pl\/wp-content\/uploads\/cache\/2021\/08\/3A0A9727-scaled\/380957502.jpg\" src=\"data:image\/svg+xml,%3Csvg%20xmlns%3D%22http%3A%2F%2Fwww.w3.org%2F2000%2Fsvg%22%20width%3D%22200%22%20height%3D%22300%22%20viewBox%3D%220%200%20200%20300%22%3E%3C%2Fsvg%3E\" loading=\"eager\"><\/span><span class=\"fg-image-overlay\"><\/span><\/a><\/figure><div class=\"fg-loader\"><\/div><\/div><div class=\"fg-item fg-type-image fg-idle\"><figure class=\"fg-item-inner\"><a href=\"https:\/\/sosnowaprzystan.pl\/wp-content\/uploads\/2021\/08\/3A0A9701-scaled.jpg\" data-attachment-id=\"259\" data-type=\"image\" class=\"fg-thumb\"><span class=\"fg-image-wrap\"><img decoding=\"async\" height=\"300\" width=\"200\" class=\"skip-lazy fg-image\" data-src-fg=\"https:\/\/sosnowaprzystan.pl\/wp-content\/uploads\/cache\/2021\/08\/3A0A9701-scaled\/549871198.jpg\" src=\"data:image\/svg+xml,%3Csvg%20xmlns%3D%22http%3A%2F%2Fwww.w3.org%2F2000%2Fsvg%22%20width%3D%22200%22%20height%3D%22300%22%20viewBox%3D%220%200%20200%20300%22%3E%3C%2Fsvg%3E\" loading=\"eager\"><\/span><span class=\"fg-image-overlay\"><\/span><\/a><\/figure><div class=\"fg-loader\"><\/div><\/div><div class=\"fg-item fg-type-image fg-idle\"><figure class=\"fg-item-inner\"><a href=\"https:\/\/sosnowaprzystan.pl\/wp-content\/uploads\/2021\/08\/3A0A9685-scaled.jpg\" data-attachment-id=\"260\" data-type=\"image\" class=\"fg-thumb\"><span class=\"fg-image-wrap\"><img decoding=\"async\" height=\"300\" width=\"200\" class=\"skip-lazy fg-image\" data-src-fg=\"https:\/\/sosnowaprzystan.pl\/wp-content\/uploads\/cache\/2021\/08\/3A0A9685-scaled\/353512892.jpg\" src=\"data:image\/svg+xml,%3Csvg%20xmlns%3D%22http%3A%2F%2Fwww.w3.org%2F2000%2Fsvg%22%20width%3D%22200%22%20height%3D%22300%22%20viewBox%3D%220%200%20200%20300%22%3E%3C%2Fsvg%3E\" loading=\"eager\"><\/span><span class=\"fg-image-overlay\"><\/span><\/a><\/figure><div class=\"fg-loader\"><\/div><\/div><\/div>\n\n","protected":false},"excerpt":{"rendered":"","protected":false},"author":1,"featured_media":0,"parent":0,"menu_order":0,"comment_status":"closed","ping_status":"closed","template":"","meta":{"footnotes":""},"class_list":["post-213","page","type-page","status-publish","hentry"],"yoast_head":"<!-- This site is optimized with the Yoast SEO plugin v26.9 - https:\/\/yoast.com\/product\/yoast-seo-wordpress\/ -->\n<title>Ma\u0142a sosna - Sosnowa Przysta\u0144 - Domki do wynaj\u0119cia Zwierzyniec<\/title>\n<meta name=\"robots\" content=\"index, follow, max-snippet:-1, max-image-preview:large, max-video-preview:-1\" \/>\n<link rel=\"canonical\" href=\"https:\/\/sosnowaprzystan.pl\/?page_id=213\" \/>\n<meta property=\"og:locale\" content=\"pl_PL\" \/>\n<meta property=\"og:type\" content=\"article\" \/>\n<meta property=\"og:title\" content=\"Ma\u0142a sosna - Sosnowa Przysta\u0144 - Domki do wynaj\u0119cia Zwierzyniec\" \/>\n<meta property=\"og:url\" content=\"https:\/\/sosnowaprzystan.pl\/?page_id=213\" \/>\n<meta property=\"og:site_name\" content=\"Sosnowa Przysta\u0144 - Domki do wynaj\u0119cia Zwierzyniec\" \/>\n<meta property=\"article:modified_time\" content=\"2021-08-12T06:46:59+00:00\" \/>\n<meta name=\"twitter:card\" content=\"summary_large_image\" \/>\n<script type=\"application\/ld+json\" class=\"yoast-schema-graph\">{\"@context\":\"https:\/\/schema.org\",\"@graph\":[{\"@type\":\"WebPage\",\"@id\":\"https:\/\/sosnowaprzystan.pl\/?page_id=213\",\"url\":\"https:\/\/sosnowaprzystan.pl\/?page_id=213\",\"name\":\"Ma\u0142a sosna - Sosnowa Przysta\u0144 - Domki do wynaj\u0119cia Zwierzyniec\",\"isPartOf\":{\"@id\":\"https:\/\/sosnowaprzystan.pl\/#website\"},\"datePublished\":\"2021-08-12T06:46:58+00:00\",\"dateModified\":\"2021-08-12T06:46:59+00:00\",\"breadcrumb\":{\"@id\":\"https:\/\/sosnowaprzystan.pl\/?page_id=213#breadcrumb\"},\"inLanguage\":\"pl-PL\",\"potentialAction\":[{\"@type\":\"ReadAction\",\"target\":[\"https:\/\/sosnowaprzystan.pl\/?page_id=213\"]}]},{\"@type\":\"BreadcrumbList\",\"@id\":\"https:\/\/sosnowaprzystan.pl\/?page_id=213#breadcrumb\",\"itemListElement\":[{\"@type\":\"ListItem\",\"position\":1,\"name\":\"Strona g\u0142\u00f3wna\",\"item\":\"https:\/\/sosnowaprzystan.pl\/\"},{\"@type\":\"ListItem\",\"position\":2,\"name\":\"Ma\u0142a sosna\"}]},{\"@type\":\"WebSite\",\"@id\":\"https:\/\/sosnowaprzystan.pl\/#website\",\"url\":\"https:\/\/sosnowaprzystan.pl\/\",\"name\":\"Sosnowa Przysta\u0144 - Domki do wynaj\u0119cia Zwierzyniec\",\"description\":\"Domki do wynaj\u0119cia, noclegi Zwerzyniec\",\"publisher\":{\"@id\":\"https:\/\/sosnowaprzystan.pl\/#organization\"},\"potentialAction\":[{\"@type\":\"SearchAction\",\"target\":{\"@type\":\"EntryPoint\",\"urlTemplate\":\"https:\/\/sosnowaprzystan.pl\/?s={search_term_string}\"},\"query-input\":{\"@type\":\"PropertyValueSpecification\",\"valueRequired\":true,\"valueName\":\"search_term_string\"}}],\"inLanguage\":\"pl-PL\"},{\"@type\":\"Organization\",\"@id\":\"https:\/\/sosnowaprzystan.pl\/#organization\",\"name\":\"Sosnowa Przysta\u0144 - Domki na Roztoczu\",\"url\":\"https:\/\/sosnowaprzystan.pl\/\",\"logo\":{\"@type\":\"ImageObject\",\"inLanguage\":\"pl-PL\",\"@id\":\"https:\/\/sosnowaprzystan.pl\/#\/schema\/logo\/image\/\",\"url\":\"https:\/\/sosnowaprzystan.pl\/wp-content\/uploads\/2021\/08\/logo_sosn300_ver2-2.png\",\"contentUrl\":\"https:\/\/sosnowaprzystan.pl\/wp-content\/uploads\/2021\/08\/logo_sosn300_ver2-2.png\",\"width\":300,\"height\":155,\"caption\":\"Sosnowa Przysta\u0144 - Domki na Roztoczu\"},\"image\":{\"@id\":\"https:\/\/sosnowaprzystan.pl\/#\/schema\/logo\/image\/\"}}]}<\/script>\n<!-- \/ Yoast SEO plugin. -->","yoast_head_json":{"title":"Ma\u0142a sosna - Sosnowa Przysta\u0144 - Domki do wynaj\u0119cia Zwierzyniec","robots":{"index":"index","follow":"follow","max-snippet":"max-snippet:-1","max-image-preview":"max-image-preview:large","max-video-preview":"max-video-preview:-1"},"canonical":"https:\/\/sosnowaprzystan.pl\/?page_id=213","og_locale":"pl_PL","og_type":"article","og_title":"Ma\u0142a sosna - Sosnowa Przysta\u0144 - Domki do wynaj\u0119cia Zwierzyniec","og_url":"https:\/\/sosnowaprzystan.pl\/?page_id=213","og_site_name":"Sosnowa Przysta\u0144 - Domki do wynaj\u0119cia Zwierzyniec","article_modified_time":"2021-08-12T06:46:59+00:00","twitter_card":"summary_large_image","schema":{"@context":"https:\/\/schema.org","@graph":[{"@type":"WebPage","@id":"https:\/\/sosnowaprzystan.pl\/?page_id=213","url":"https:\/\/sosnowaprzystan.pl\/?page_id=213","name":"Ma\u0142a sosna - Sosnowa Przysta\u0144 - Domki do wynaj\u0119cia Zwierzyniec","isPartOf":{"@id":"https:\/\/sosnowaprzystan.pl\/#website"},"datePublished":"2021-08-12T06:46:58+00:00","dateModified":"2021-08-12T06:46:59+00:00","breadcrumb":{"@id":"https:\/\/sosnowaprzystan.pl\/?page_id=213#breadcrumb"},"inLanguage":"pl-PL","potentialAction":[{"@type":"ReadAction","target":["https:\/\/sosnowaprzystan.pl\/?page_id=213"]}]},{"@type":"BreadcrumbList","@id":"https:\/\/sosnowaprzystan.pl\/?page_id=213#breadcrumb","itemListElement":[{"@type":"ListItem","position":1,"name":"Strona g\u0142\u00f3wna","item":"https:\/\/sosnowaprzystan.pl\/"},{"@type":"ListItem","position":2,"name":"Ma\u0142a sosna"}]},{"@type":"WebSite","@id":"https:\/\/sosnowaprzystan.pl\/#website","url":"https:\/\/sosnowaprzystan.pl\/","name":"Sosnowa Przysta\u0144 - Domki do wynaj\u0119cia Zwierzyniec","description":"Domki do wynaj\u0119cia, noclegi Zwerzyniec","publisher":{"@id":"https:\/\/sosnowaprzystan.pl\/#organization"},"potentialAction":[{"@type":"SearchAction","target":{"@type":"EntryPoint","urlTemplate":"https:\/\/sosnowaprzystan.pl\/?s={search_term_string}"},"query-input":{"@type":"PropertyValueSpecification","valueRequired":true,"valueName":"search_term_string"}}],"inLanguage":"pl-PL"},{"@type":"Organization","@id":"https:\/\/sosnowaprzystan.pl\/#organization","name":"Sosnowa Przysta\u0144 - Domki na Roztoczu","url":"https:\/\/sosnowaprzystan.pl\/","logo":{"@type":"ImageObject","inLanguage":"pl-PL","@id":"https:\/\/sosnowaprzystan.pl\/#\/schema\/logo\/image\/","url":"https:\/\/sosnowaprzystan.pl\/wp-content\/uploads\/2021\/08\/logo_sosn300_ver2-2.png","contentUrl":"https:\/\/sosnowaprzystan.pl\/wp-content\/uploads\/2021\/08\/logo_sosn300_ver2-2.png","width":300,"height":155,"caption":"Sosnowa Przysta\u0144 - Domki na Roztoczu"},"image":{"@id":"https:\/\/sosnowaprzystan.pl\/#\/schema\/logo\/image\/"}}]}},"_links":{"self":[{"href":"https:\/\/sosnowaprzystan.pl\/index.php?rest_route=\/wp\/v2\/pages\/213","targetHints":{"allow":["GET"]}}],"collection":[{"href":"https:\/\/sosnowaprzystan.pl\/index.php?rest_route=\/wp\/v2\/pages"}],"about":[{"href":"https:\/\/sosnowaprzystan.pl\/index.php?rest_route=\/wp\/v2\/types\/page"}],"author":[{"embeddable":true,"href":"https:\/\/sosnowaprzystan.pl\/index.php?rest_route=\/wp\/v2\/users\/1"}],"replies":[{"embeddable":true,"href":"https:\/\/sosnowaprzystan.pl\/index.php?rest_route=%2Fwp%2Fv2%2Fcomments&post=213"}],"version-history":[{"count":1,"href":"https:\/\/sosnowaprzystan.pl\/index.php?rest_route=\/wp\/v2\/pages\/213\/revisions"}],"predecessor-version":[{"id":223,"href":"https:\/\/sosnowaprzystan.pl\/index.php?rest_route=\/wp\/v2\/pages\/213\/revisions\/223"}],"wp:attachment":[{"href":"https:\/\/sosnowaprzystan.pl\/index.php?rest_route=%2Fwp%2Fv2%2Fmedia&parent=213"}],"curies":[{"name":"wp","href":"https:\/\/api.w.org\/{rel}","templated":true}]}}